{"id":78,"date":"2021-09-10T14:17:35","date_gmt":"2021-09-10T14:17:35","guid":{"rendered":"https:\/\/doku.basionapp.de\/?page_id=78"},"modified":"2021-09-10T14:34:29","modified_gmt":"2021-09-10T14:34:29","slug":"einstellungen","status":"publish","type":"page","link":"https:\/\/doku.basionapp.de\/index.php\/einstellungen\/","title":{"rendered":"Einstellungen"},"content":{"rendered":"\n<p>Nach der Installation m\u00fcssen sie zuerst die Einstellungen bearbeiten, dr\u00fccken sie hierzu auf die Einstellungen Kachel.<\/p>\n\n\n\n<p>Informieren sie sie bei Reko-Software, ob ihre Firma bereits f\u00fcr die Benutzung der basion mobile App vorbereitet wurde.<\/p>\n\n\n\n<p>Sollten sie von Reko Software bereits ihre Firmennummer und das Firmenpasswort mitgeteilt bekommen haben, tragen sie diese Daten hier ein.<\/p>\n\n\n\n<p>Zu Testzwecken k\u00f6nnen sie sich als Demo-Firma anmelden.<\/p>\n\n\n\n<p><strong>Firmennummer:<\/strong> <strong>0<\/strong><\/p>\n\n\n\n<p><strong>Firmenpasswort:<\/strong> <strong>basionmobile<\/strong><\/p>\n\n\n\n<p><strong>Lieferdatum: <\/strong>Hier k\u00f6nnen sie das Tagesdatum \u00fcbergehen, wenn sie auf ihrem Ger\u00e4t auch \u00e4ltere, bereits erledigte Auftr\u00e4ge, wieder aktivieren m\u00f6chten. N\u00e4her erkl\u00e4rt wird dies bei der Auswahl der Auftr\u00e4ge etwas weiter unten in dieser Dokumentation.<\/p>\n\n\n\n<div class=\"wp-block-image is-style-default\"><figure class=\"aligncenter size-full\"><img loading=\"lazy\" decoding=\"async\" width=\"363\" height=\"642\" src=\"https:\/\/doku.basionapp.de\/wp-content\/uploads\/2021\/09\/e1.png\" alt=\"\" class=\"wp-image-79\" srcset=\"https:\/\/doku.basionapp.de\/wp-content\/uploads\/2021\/09\/e1.png 363w, https:\/\/doku.basionapp.de\/wp-content\/uploads\/2021\/09\/e1-170x300.png 170w\" sizes=\"auto, (max-width: 363px) 100vw, 363px\" \/><\/figure><\/div>\n\n\n\n<p><strong>Historie: <\/strong>Sie haben zwei M\u00f6glichkeiten, die Auswahl der anzuzeigenden Daten einzuschr\u00e4nken.<\/p>\n\n\n\n<ol class=\"wp-block-list\"><li>Sie setzen das Lieferdatum auf das Datum, ab dem die Auftragsdaten angezeigt werden sollen, das Lieferdatum wird jedoch bei jedem Login wieder auf das Tagesdatum gesetzt.<\/li><li>Sie tragen im Feld Historie die Anzahl Tage ein, die zus\u00e4tzlich zu den aktuellen Tagesauftr\u00e4gen angezeigt werden sollen. Wenn sie also in Historie eine 2 eintragen, bekommen sie grunds\u00e4tzlich alle Daten von heute und den letzten 2 Tagen angezeigt.<\/li><\/ol>\n\n\n\n<p><strong>Unterschrift: b<\/strong>asion mobile erm\u00f6glicht es ihnen, abgeschlossene Auftr\u00e4ge von ihrem Kunden unterschreiben zu lassen. Wenn dieser Schieberegler gr\u00fcn unterlegt ist, ist eine Unterschrift zwingend vorgeschrieben, bevor ein Auftrag als erledigt gekennzeichnet werden kann. Sollten sie diese Option nicht ben\u00f6tigen, schieben sie den Regler nach links.<\/p>\n\n\n\n<p><strong>h\u00f6here Fu\u00dfleiste: <\/strong>Bei einigen mobilen Ger\u00e4ten k\u00f6nnen die Systemschalter am unteren Bildschirmrand programmtechnisch nicht ausgeblendet werden und verdecken daher die unteren Button&#8217;s der App. Um dies zu verhindern, k\u00f6nnen sie diese Option einschalten, dadurch vergr\u00f6\u00dfert sich der Fu\u00dfbereich und die Button&#8217;s sind \u00fcber den Systemschaltern sichtbar. Bei neueren Android-Versionen ist dies nicht mehr notwendig.&nbsp;&nbsp;<\/p>\n\n\n\n<p><strong>Fotoqualit\u00e4t: <\/strong>Da es inzwischen bereits Handys mit mehr als 10 Megabit Aufl\u00f6sung gibt, sind die damit erzeugten Fotodateien auch relativ gro\u00df. Da diese Fotos unmittelbar beim Speichern zum Reko-Webserver gesendet werden, kann das Datenvolumen sehr umfangreich werden. Sie k\u00f6nnen mit diesem Schieberegler die Qualit\u00e4t der Fotos reduzieren, um den Datenumfang zu reduzieren. Passen sie diese Einstellung ihren Bed\u00fcrfnissen und dem entsprechenden Ger\u00e4t so an, dass eine brauchbare Qualit\u00e4t bei m\u00f6glichst niedrigem Datenvolumen erzeugt wird.<\/p>\n\n\n\n<p><strong>Daten\u00fcbermittlung: <\/strong>Hier k\u00f6nnen sie einstellen, in welchen Intervallen die App sich mit dem Reko Software-Webserver verbinden soll, um Daten auszutauschen. Die Daten\u00fcbertragung erfolgt \u00fcber eine beliebige Internet-Verbindung, mormalerweise stellt diese der Mobilfunk-Provider zur Verf\u00fcgung, theoretisch w\u00e4re es aber auch m\u00f6glich, dass der Mitarbeiter morgens seine Daten per Wlan abholt und die ge\u00e4nderten Daten \u00fcber jedes beliebige Wlan-Netz, auf das er Zugriff hat, wieder zur\u00fcck sendet, er ben\u00f6tigt also nicht zwingend eine Sim-Karte mit Datenfreigabe.<\/p>\n\n\n\n<p>Bei den <strong>Auftr\u00e4gen<\/strong> sollten sie eine f\u00fcr sie sinnvolle Gr\u00f6\u00dfe einstellen, Standard ist 5 Minuten, es k\u00f6nnen aber auch k\u00fcrzere Zeiten, z.B. Bei der Hofliste, ben\u00f6tigt werden. Es werden immer nur die ge\u00e4nderten Daten abgeholt bzw. Gesendet.<\/p>\n\n\n\n<p>Von ihrem Mitarbeiter erfassten Daten werden immer sofort an den Web-Server gesendet und bei dieser Gelegenheit werden auch evtl. hinzugekommene oder ge\u00e4nderte Auftr\u00e4ge aus basion an die App \u00fcbermittelt.<\/p>\n\n\n\n<p>Sollte momentan keine Internet-Verbindung m\u00f6glich sein, werden ihre Daten auf dem Ger\u00e4t so lange zwischengespeichert, bis wieder eine Verbindung m\u00f6glich ist. Auch beim beenden der App oder bei dem Ausfall des Akku&#8217;s gehen diese Daten nicht verloren.<\/p>\n\n\n\n<p>Bei der <strong>Position<\/strong> k\u00f6nnen sie sich die Positionen des Ger\u00e4tes \u00fcbermitteln lassen. Dies ist z.B. sinnvoll, wenn sie feststellen m\u00f6chten, welcher ihrer Mitarbeiter aktuell den k\u00fcrzesten Anfahrtsweg zu einem spontan noch anzufahrenden Kunden hat, um bei der \u00dcbermittlung der Daten den richtigen Fahrer zu beauftragen.<\/p>\n\n\n\n<p>Eine komfortable und immer aktuelle Kartendarstellung ihrer Anfallstellen, der Fahrzeuge&nbsp;und der bevorstehenden und &nbsp;zur\u00fcckgelegten Routen k\u00f6nnen sie mit dem Zusatzmodul <strong>basion mobile Map<\/strong> erwerben, hier ist dann auch das Zusatzmodul<strong> basion mobile Routenplaner<\/strong> sinnvoll, mit dessen Hilfe sie die optimalen Routen zu den Autr\u00e4gen ihrer Fahrer ermitteln k\u00f6nnen.<\/p>\n\n\n\n<p>Informieren sie sich \u00fcber diese Produkte direkt bei der reko Software GmbH.<\/p>\n\n\n\n<p>Stellen sie diesen Regler auf 0, wenn sie diese Positions-Daten nicht ben\u00f6tigen.<\/p>\n\n\n\n<p>Dr\u00fccken sie danach auf <strong>Speichern<\/strong><\/p>\n\n\n\n<p><\/p>\n\n\n\n<div class=\"wp-block-image\"><figure class=\"aligncenter size-large is-resized\"><img loading=\"lazy\" decoding=\"async\" src=\"https:\/\/doku.basionapp.de\/wp-content\/uploads\/2021\/09\/e2-576x1024.png\" alt=\"\" class=\"wp-image-89\" width=\"334\" height=\"593\" srcset=\"https:\/\/doku.basionapp.de\/wp-content\/uploads\/2021\/09\/e2-576x1024.png 576w, https:\/\/doku.basionapp.de\/wp-content\/uploads\/2021\/09\/e2-169x300.png 169w, https:\/\/doku.basionapp.de\/wp-content\/uploads\/2021\/09\/e2.png 720w\" sizes=\"auto, (max-width: 334px) 100vw, 334px\" \/><\/figure><\/div>\n\n\n\n<div class=\"wp-block-buttons is-layout-flex wp-block-buttons-is-layout-flex\">\n<div class=\"wp-block-button has-custom-font-size is-style-outline has-normal-font-size is-style-outline--1\"><a class=\"wp-block-button__link\" href=\"https:\/\/doku.basionapp.de\/index.php\/login\/\">Zum Login<\/a><\/div>\n<\/div>\n","protected":false},"excerpt":{"rendered":"<p>Nach der Installation m\u00fcssen sie zuerst die Einstellungen bearbeiten, dr\u00fccken sie hierzu auf die Einstellungen Kachel. Informieren sie sie bei Reko-Software, ob ihre Firma bereits f\u00fcr die Benutzung der basion mobile App vorbereitet wurde. Sollten sie von Reko Software bereits ihre Firmennummer und das Firmenpasswort mitgeteilt bekommen haben, tragen sie diese Daten hier ein. Zu [&hellip;]<\/p>\n","protected":false},"author":1,"featured_media":0,"parent":0,"menu_order":0,"comment_status":"closed","ping_status":"closed","template":"templates\/template-full-width.php","meta":{"footnotes":""},"class_list":["post-78","page","type-page","status-publish","hentry"],"_links":{"self":[{"href":"https:\/\/doku.basionapp.de\/index.php\/wp-json\/wp\/v2\/pages\/78","targetHints":{"allow":["GET"]}}],"collection":[{"href":"https:\/\/doku.basionapp.de\/index.php\/wp-json\/wp\/v2\/pages"}],"about":[{"href":"https:\/\/doku.basionapp.de\/index.php\/wp-json\/wp\/v2\/types\/page"}],"author":[{"embeddable":true,"href":"https:\/\/doku.basionapp.de\/index.php\/wp-json\/wp\/v2\/users\/1"}],"replies":[{"embeddable":true,"href":"https:\/\/doku.basionapp.de\/index.php\/wp-json\/wp\/v2\/comments?post=78"}],"version-history":[{"count":6,"href":"https:\/\/doku.basionapp.de\/index.php\/wp-json\/wp\/v2\/pages\/78\/revisions"}],"predecessor-version":[{"id":100,"href":"https:\/\/doku.basionapp.de\/index.php\/wp-json\/wp\/v2\/pages\/78\/revisions\/100"}],"wp:attachment":[{"href":"https:\/\/doku.basionapp.de\/index.php\/wp-json\/wp\/v2\/media?parent=78"}],"curies":[{"name":"wp","href":"https:\/\/api.w.org\/{rel}","templated":true}]}}